be (-3)/y + (-33)/3. Let u = k - -16. What are the prime factors of u?
2, 3
Let m = -58 - -134. List the prime factors of (228/(-48))/((-1)/m).
19
Let j(c) = -10 - 2 + 364*c**2 - 174*c**2 + 8*c - 175*c**2. Let v = 3 - 1. List the prime factors of j(v).
2
Suppose -74 = 3*i + 10*r - 5*r, 3*r = 2*i + 24. Let w(y) = -6*y + 42. List the prime factors of w(i).
2, 3, 5
Let t = -1176 + 6139. What are the prime factors of t?
7, 709
Suppose -183*w + 38*w = -1691019 - 1277421. List the prime factors of w.
2, 3, 853
Suppose -i + 1552 - 403 = -3702. List the prime factors of i.
3, 7, 11
Suppose 0 = -t - 0 + 4. Let l be 2*(t/(-16))/1*4. List the prime factors of 52/24 + l - 1858/(-12).
5, 31
Let p be (-2 + 8)*(0 + 10/12). Suppose 0 = -5*w - 0*w - p*m, -5*w - m = -12. What are the prime factors of -2 + (1 - (-231)/w)?
2, 19
Let m(b) = 9*b**2 + 233*b + 68. List the prime factors of m(-41).
2, 17, 83
Suppose 0 = g + 5*u - 163 - 4754, -3*g - 2*u = -14803. Suppose 0 = 5*a + 3*b - g, -1003 - 1948 = -3*a + b. List the prime factors of a.
5, 197
Let v = 15699 + -11645. What are the prime factors of v?
2, 2027
Let u = 13876 - 6046. List the prime factors of u.
2, 3, 5, 29
Let r(i) = 124*i**2 + 9*i + 19. Let k be r(-5). Suppose 0 = -2*h + 3*x - 554 + k, h - 1260 = -3*x. What are the prime factors of h?
2, 3, 5, 7
Let k = 359 - 109. Suppose s - 88 = -4*o, 17*s - 14*s = 2*o + k. List the prime factors of s.
2, 3, 7
Let d = -463 - -648. Let y = d - 86. Let c = 159 - y. What are the prime factors of c?
2, 3, 5
Suppose -2*w + 82980 = -4*h, -22*w = -19*w + 5*h - 124437. What are the prime factors of w?
2, 3, 3457
Let s = 2513 + -1509. List the prime factors of s.
2, 251
Suppose -2*h = 2*h - 24. Suppose -4*l + h = -4*a + 22, -2*a = l - 5. Suppose -i + 61 = 4*f, i - 2*f = a*f + 97. List the prime factors of i.
7, 11
Let c(m) = 15*m**2 - 71*m - 758. What are the prime factors of c(-37)?
2, 3, 1867
Let c(i) = -83*i - 94. Let s be c(-29). Suppose v - 2*y = 408, s = 4*v - y + 667. List the prime factors of v.
2, 103
Let d be -3 + 1 - (-180)/(-13 - 2). What are the prime factors of (-1954)/(-2) - (d + 20)?
971
Let t = 671 - -471. Let z = t - 467. What are the prime factors of z?
3, 5
Suppose -37*l + 20*l = -68. Suppose 4*w - i = 1959, 0 = -l*w - 2*i - 42 + 2004. List the prime factors of w.
2, 5, 7
Let a(i) = 5277*i - 2483. What are the prime factors of a(6)?
29179
Let c = 14829 + 13733. List the prime factors of c.
2, 14281
Let y(n) = 423*n**2 - 370*n + 20. What are the prime factors of y(6)?
2, 3257
Let u be (-8)/((-16)/9546) + -6. Suppose u = -34*h + 55*h. What are the prime factors of h?
227
Let w(h) = -h**2 + 10*h - 14. Let r be w(8). Suppose r*x + 60 - 760 = 0. What are the prime factors of x?
2, 5, 7
Suppose 285 + 5335 = 2*i. Suppose -4*a - i = 5*u, 3*a + 5*u - 3*u = -2111. List the prime factors of 6/9 - a/9.
79
Suppose 152*q + 59986 = 162*q + 9046. What are the prime factors of q?
2, 3, 283
Let i = -3514 + 5224. Suppose 0 = 895*d - 889*d - i. What are the prime factors of d?
3, 5, 19
Let b be 22341/(-15) + 2 + (-6)/10. Let w = b + 2632. What are the prime factors of w?
2, 11, 13
Suppose 0 = 118*r - 120*r - 428. Let d be ((-12)/10)/((-4)/(-360)). Let c = d - r. List the prime factors of c.
2, 53
Let l be ((-2)/(-6))/((-2)/(-12)). Suppose l*x = 4*c - 140, 5*x - 5*c + 374 = -c. Let n = x + 134. List the prime factors of n.
2, 7
Let f(p) = -397*p**3 - 4*p**2 + 7*p - 5. Let j be f(2). What are the prime factors of 9/18*-4*j/6?
1061
Let z(a) be the second derivative of 49*a**4/12 - a**3/6 + a**2/2 + a. Let l be (-3 - 0)/(0 - 3). List the prime factors of z(l).
7
Let b(g) = 5*g - 88. Let z be b(23). Suppose z*w = -9*w + 6336. What are the prime factors of w?
2, 11
Suppose 85*o = 82*o + 2*t + 134497, 0 = -5*o - 2*t + 224199. What are the prime factors of o?
13, 3449
Let b be (9/4)/((-24)/448). Let r(j) = 7*j + 395. List the prime factors of r(b).
101
Suppose -4*w = w + 2*y - 6, -10 = 5*y. Suppose 4*k - 6 = w*n, -4*k = k. What are the prime factors of (n + 6)*(-114)/(-9)?
2, 19
Suppose 139*o - 181*o + 385938 = 0. What are the prime factors of o?
3, 1021
Let i(o) = -5*o**2 + 45*o + 16. Let p be i(9). Suppose -d + 22 = 2*c - p, 3*d - 103 = 5*c. What are the prime factors of d?
2, 3
List the prime factors of (-43)/7 - 19/(-133) - 37164/(-2).
2, 3, 43
Let h(r) = 10869*r - 61. Let x be h(2). Suppose 3989 = -24*b + x. List the prime factors of b.
11, 67
Suppose 3*v + 26*a - 21*a - 85807 = 0, -v + 28621 = 4*a. List the prime factors of v.
11, 23, 113
Let a(c) = 1466*c - 1811. What are the prime factors of a(12)?
43, 367
Let f = -251 + 62. Let o = 221 - 259. Let m = o - f. What are the prime factors of m?
151
Suppose w + 9*f - 65686 = 0, -3*w + 76027 = 3*f - 120839. List the prime factors of w.
2, 53, 619
Suppose 36 = -9*o + 36. Suppose -5*n - 30*x = -25*x - 6420, o = 5*n - x - 6450. What are the prime factors of n?
1289
Let f(j) = -j**3 - 35*j**2 - 71*j + 34. Let x(t) = -t**2 + 5*t - 9. Let q be x(8). List the prime factors of f(q).
199
Let d be 1/(-4 + 8855/2215). Let c = d + 705. What are the prime factors of c?
2, 131
Let k = -525 + -876. Let m = -547 - k. List the prime factors of m.
2, 7, 61
Let b = 173 + -193. What are the prime factors of (-5208)/(-15) + (-5 - 96/b)?
347
Let q(c) = 2*c**2 - 15*c - 28. Let u be q(-43). Suppose 2*w + u = 7*w. What are the prime factors of w?
863
Suppose -4*f + 5*s + 12433 = -65466, 4*f + 5*s - 77829 = 0. What are the prime factors of f?
2, 9733
Let y(x) = 264*x**2 + 54*x - 1566. List the prime factors of y(14).
2, 3, 13, 653
Suppose -957 + 48 = -3*l. What are the prime factors of (0/4 + 2)/(2/l)?
3, 101
Let l = 20627 + -11869. List the prime factors of l.
2, 29, 151
Suppose 5674 + 5099 = 5*h - 2*f, 2*h - 4306 = 4*f. Suppose 0 = -3*c - 5*j + h, 3*c + 4*j - 2171 = 3*j. What are the prime factors of c?
5, 29
Suppose 0 = 6*c - 306 - 4422. List the prime factors of ((-39)/(-52))/(1/c).
3, 197
Let z = -92 - -90. What are the prime factors of 1752/48*(-20)/z?
5, 73
Let z be 145*2 + (-3)/1. Let f = -169 + z. List the prime factors of f.
2, 59
Suppose r = -2*r + 504. Let w = 7217 + -7250. Let u = w + r. List the prime factors of u.
3, 5
Let h = -1360 - -739. Let i = -308 - h. What are the prime factors of i?
313
Let x be -3 - (20/5 - 11). Suppose 0*v = v + 5*m - 9, v = x*m. Suppose -201 = -4*k - d, k - v*k - 5*d + 155 = 0. List the prime factors of k.
2, 5
Suppose 3*b + 36857 = 3*r + 96221, 19789 = b - 2*r. List the prime factors of b.
47, 421
Let l(v) = 24*v**2 - v**3 - 2 - 13*v**2 - 14*v**2 - 3*v. Let s be l(-3). Suppose -4*h + s + 9 = 0. What are the prime factors of h?
2
Let q(j) = 18*j**2 + j - 699. Let b(u) = 16*u**2 - 698. Let a(x) = -3*b(x) + 2*q(x). What are the prime factors of a(0)?
2, 3, 29
Let d(j) = -j**2 + 37*j - 74. Let l be d(2). Let w(a) = 1. Let y(u) = -5*u**2 + 5*u + 7. Let o(n) = 5*w(n) - y(n). What are the prime factors of o(l)?
2, 7
Let j(z) = -3*z**3 - 2*z**2 - 3*z - 2. Let y be j(-1). Suppose 0 = -f + 3*w - 18, 11 = 5*w - 9. What are the prime factors of y/(-9)*f*(4 - -8)?
2
Suppose 2*y + 5*j - 5601 - 4927 = 0, -26258 = -5*y + 3*j. List the prime factors of y.
2, 37, 71
Suppose -3*y + 2024 + 570 = 2*g, -7*y = 2*g - 2578. List the prime factors of g.
1303
Let d = 26 + -13. Suppose 5*w - 5*t = -10, 5*w = -5*t - 3 + d. Suppose 455 = 5*i - w*i. List the prime factors of i.
7, 13
Let x = -232 + 238. What are the prime factors of ((-20808)/(-54))/(4/x)?
2, 17
Let z(w) = 10775*w**2 + 116*w - 2. List the prime factors of z(-1).
10657
Let r = 155 + -153. Suppose 38 = r*f - 78. What are the prime factors of f?
2, 29
Let u(h) = 43*h**2 - 60*h - 3. Let i be u(9). Let v = i - 1899. List the prime factors of v.
3, 347
Let l(q) = 217*q - 105. Let c = -785 - -793. List the prime factors of l(c).
7, 233
Let z(y) = 726*y**2 - 43*y - 76. List the prime factors of z(-2).
2, 31, 47
What are the prime factors of ((-2)/(-12)*6962)/(4 - 92/24)?
2, 59
Let v be (-2 - 0) + -974 - -1. Let c = v + 1497. List the prime factors of c.
2, 3, 29
Suppose 10*c + 91 = 51. What are the prime factors of (-2*(-2)/c)/((-2)/1390)?
5, 139
Let s be (2 - 50 - 1)/1. Let g = s - -54. Suppose -760 = -g*l - 105. List the prime factors of l.
131
Let c = 22384 + -15372. What ar